o = -366 - -485. Suppose -2*z + 81 = -p*i - o, 4*z - 5*i = 400. What is the highest common factor of 20 and z?
20
Let z be 12/(-2)*123*1*-8. What is the highest common factor of z and 144?
144
Let r(j) = -j**2 - 16*j - 3. Let z be (-420)/(-80) + 2/(-8). Let t be (15/z - 8)/((-1)/(-3)). Let l be r(t). What is the greatest common divisor of l and 6?
6
Let w be (0 - 6678)*2076/(-7266). What is the highest common factor of w and 936?
36
Suppose w - 2*u = -12, w - 4*u = 3*w + 8. Let m = w - -10. Let b = -1037 + 1038. What is the greatest common divisor of m and b?
1
Suppose -16*s + 146*s + 488 = 5558. What is the highest common factor of 8905 and s?
13
Let x = -1969 - -2457. Calculate the greatest common divisor of 1098 and x.
122
Suppose -287*d + 53*d - 62*d + 94720 = 0. Calculate the highest common factor of 1270 and d.
10
Let m be (-5 + 402/30)/(3/1210). Calculate the greatest common divisor of m and 56.
28
Suppose k = 5*k - 600. Let o be 540/k - 3/5. Suppose -o*v = t - 66 - 39, -431 = -4*t - v. Calculate the greatest common divisor of t and 27.
27
Suppose -7820 = -4*c + 2*g, -25*c + 4*g - 17561 = -34*c. Calculate the highest common divisor of c and 10323.
279
Let w(i) = i**3 + 71 - 15*i - 29 + i**2 + 4*i - 18. Let s be w(3). What is the highest common factor of s and 72?
9
Let v = 24 - -7. Suppose -15*n + 1384 + 191 = 0. Suppose -n = -3*c - 4*s, -3*s - 123 = -4*c - 8. What is the greatest common factor of v and c?
31
Let z(c) be the first derivative of -c**4/4 + 7*c**3 - 39*c**2/2 + 55. Let b be z(18). What is the highest common divisor of 54 and b?
54
Let d(r) = 4*r**2 - 17*r - 34. Let q be d(-3). Let w = q + 219. What is the highest common divisor of w and 17?
17
Let a(t) = -t**2 - 136*t - 3515. Let w be a(-101). Suppose 0 = -5*i + 5*p + 193 + 42, 2*p = -4*i + 206. What is the greatest common divisor of w and i?
10
Let j(h) = -8*h**3 + 6*h**2 + 17*h - 2. Let s be j(-3). Let c = 102 + s. What is the highest common divisor of c and 11?
11
Let u(v) = -8*v**2 - v - 73. Let w(g) = -7*g**2 + g - 72. Let f(c) = 6*u(c) - 7*w(c). Let j be f(14). What is the highest common factor of 32 and j?
16
Let b = 1112 - 1106. Suppose 32 = -3*w + 41. What is the highest common factor of b and w?
3
Suppose 0 = -x - 5*u + 1652, 1909 = -3*x + 5*u + 6865. Calculate the highest common divisor of 14 and x.
14
Let r(s) = -s**3 + 4*s**2 + 8*s - 13. Let b be r(5). Suppose 2*c + b*c = -4. Let m be 43/2 - (c - 18/(-12)). Calculate the highest common divisor of m and 3.
3
Let q(o) = 966 + 22*o - 529 + 1102. Let j be q(0). What is the greatest common divisor of j and 19?
19
Let u(j) = 6*j + 55. Let v(t) = -3*t - 27. Let l(m) = 3*u(m) + 5*v(m). Suppose 17 = 4*p + 41. Let d be l(p). What is the highest common divisor of 12 and d?
12
Let c = 23 - -30. Let l be (0 + 106)*(-12)/42*-14. Calculate the greatest common factor of l and c.
53
Suppose 40*w = -3*w + 179568. Calculate the highest common factor of w and 144.
144
Let h = 247 + 1709. What is the highest common divisor of h and 16?
4
Let b(o) = -2*o + 3. Let w be b(-3). Let k be -6*(-13 + (-3)/6). What is the highest common divisor of k and w?
9
Suppose 4*b - 138 = -t, 3*t - 5*b + b - 382 = 0. Suppose -4*o - 5*x = -2*o - 95, -4*o = -2*x - t. Calculate the highest common divisor of o and 14.
7
Let f be (-1120)/(-240)*6*1. What is the greatest common factor of f and 324?
4
Let r be (-1)/((-10)/(-16)) + 1 - 603603/(-1005). Calculate the greatest common factor of r and 108.
12
Let j be (-4)/16*-294*(-160)/(-15). Let s = j + -762. What is the greatest common factor of 1606 and s?
22
Suppose 5*g - s - 29946 = -4*s, 4*s = g - 6003. Calculate the greatest common factor of 6 and g.
3
Let u be (-77925)/(-125) + (-3)/(-5). Calculate the greatest common factor of u and 4.
4
Let u(g) = -11*g**3 + 5*g**2 + 7*g - 4. Let v be u(-2). Suppose 5*m + 5*d - 3291 = 774, d - 4053 = -5*m. What is the greatest common factor of v and m?
90
Let l(d) = -2*d**3 + 147*d**2 + 384*d - 232. Let n be l(76). Calculate the highest common divisor of n and 25464.
24
Suppose 0 = 3*i - 13*i + 28538 + 6262. Calculate the highest common factor of i and 15.
15
Let h be (-786)/(-14) - 37/259. What is the highest common divisor of h and 20?
4
Let b = 1553 + -1529. What is the greatest common divisor of 4836 and b?
12
Let p be (-324)/(-45) - 1/5. Let b(s) = s**3 - 7*s**2 + 4*s + 37. Let m be b(p). What is the greatest common factor of m and 520?
65
Let k be (0 - -4) + (-4 - -238). Suppose k - 22 = 4*a. Suppose 69 = v - 4*n, -4*v + 3*v = -2*n - 75. Calculate the greatest common factor of v and a.
27
Suppose -4256*h + 2112 = -4252*h. Calculate the greatest common factor of 96 and h.
48
Suppose 6 = s + 2*j, 27 = 4*s + j - 32. Let p be 10881/248 + 2/s. Let r = 8 + -4. Calculate the highest common divisor of p and r.
4
Let o = 276 - 341. Let y be (-625)/(-1 + 0) - (-69 - o). What is the greatest common factor of 37 and y?
37
Suppose -23129 - 4630 = -224*o + 5169. Calculate the highest common factor of o and 11907.
147
Suppose -17*u - 16676 = -17424. Calculate the greatest common factor of u and 2629.
11
Let v be (-1 + -6)/(6/(1*-42)). Suppose v*k - 6 = 47*k. What is the highest common factor of k and 9?
3
Suppose s = -5*t - 34, -3*s - 4 = 8. Let b be 3/(-2)*(2 + t). What is the highest common factor of 42 and b?
6
Let v = -3 - -5. Suppose v*n - 7*n = -5*f - 5, -9 = -f - n. Suppose 4 = 4*q - f. Calculate the highest common divisor of 8 and q.
2
Let l be 247/4 - 7 - ((-75)/(-12))/(-5). What is the greatest common divisor of 280 and l?
56
Suppose 4*n + 11047 = 16*n - 45977. What is the greatest common factor of 32 and n?
16
Suppose 2*d + 2*l = -10, 2*d = -2*d - l - 5. Let n = 7 + d. Let r be 914/18 - (n - 260/36). What is the greatest common factor of 34 and r?
17
Let k be (-9 + (3 - -4))*(15051/(-6) + 0). Calculate the highest common divisor of 29 and k.
29
Let y be 2/(-25) - 162384/(-425). Suppose -y = -9*g - 13. Calculate the greatest common factor of 41 and g.
41
Suppose 3*d + 47 = 92. Suppose -3*w + 16*w - 39 = 0. Let i be 2*w/(-30) + 602/10. Calculate the greatest common factor of i and d.
15
Let w = -19698 - -19719. Calculate the highest common factor of 567 and w.
21
Let f be 3/(45/6) + 48009/65. Suppose -10*a = -f - 521. What is the greatest common factor of a and 14?
14
Suppose -150*x + 161*x = 792. Let l be 21 - x/9 - 9. Calculate the highest common divisor of l and 64.
4
Let c(w) = 2*w**3 + 13*w**2 + 16*w - 5. Let o be c(-5). Let d be (-1 + 12/18)*3 - o. What is the highest common divisor of d and 171?
9
Let o = 26164 + -26156. What is the highest common factor of o and 6712?
8
Let d(n) = -n**3 - 5*n**2 - 3*n + 1. Let f be d(-3). Let h be 15/2 - f/16. Suppose 45*z = 308 + 3652. What is the highest common factor of z and h?
8
Suppose 8*c - 195 = 3*c. Suppose 0 = -4*p + 5*a + c, -4*a - 21 = -3*p - 3*a. Suppose 0 = 2*b + p*b - 72. What is the highest common factor of 9 and b?
9
Suppose -562 = 21*j - 1612. Let u be (j/(-14) - (-28)/49) + 87. What is the highest common divisor of u and 6?
6
Let z = -1032 + 1176. Suppose -3*v = 2*a - z - 20, 2*v = 2*a + 116. What is the greatest common divisor of 16 and v?
8
Let o = -3144 + 3202. Let q = -16 - -23. Let w(y) = 22*y - 9. Let n be w(q). Calculate the highest common factor of n and o.
29
Let t = -35698 - -37333. What is the highest common divisor of t and 1853?
109
Suppose 2*i + l = 4, 333*i + l - 13 = 328*i. Calculate the greatest common divisor of i and 6336.
3
Let o(d) = 5*d**2 + 3*d + 18. Let i be o(-4). Let f = 66 - i. Let w be f/12*(-28 + 1). Calculate the greatest common divisor of 18 and w.
9
Let p = -284 - -286. Let f(k) = 177*k**2 + 21*k - 3. Let l be f(p). What is the highest common factor of l and 166?
83
Let j be 160*(-57)/(-95)*(-20)/(-24). Calculate the greatest common divisor of 225 and j.
5
Suppose 0 = -18*k + 11801 + 12265. Calculate the highest common factor of k and 7.
7
Let u be 5 + -1 + -3 - 15. Let n = 38 + u. Let v be (-1196)/(-10) - (-4)/10. Calculate the highest common divisor of n and v.
24
Suppose 5*x + 45 = -5*s + 390, -14 = -2*s. Calculate the greatest common divisor of x and 6417.
31
Let m be 0 + -1 + (-10)/(-2). Let i = 43 - m. Let u be (13/(1 + -2))/((-140)/280). What is the highest common 